{"id":591,"date":"2016-07-24T21:27:38","date_gmt":"2016-07-24T19:27:38","guid":{"rendered":"http:\/\/www.kreativzimmer.net\/kreativzimmer\/?post_type=product&#038;p=591"},"modified":"2016-08-07T22:25:56","modified_gmt":"2016-08-07T20:25:56","slug":"baby-muetze-fuchs","status":"publish","type":"product","link":"http:\/\/www.kreativzimmer.net\/kreativzimmer\/index.php\/produkt\/baby-muetze-fuchs\/","title":{"rendered":"Baby M\u00fctze Fuchs"},"content":{"rendered":"","protected":false},"excerpt":{"rendered":"<p>F\u00fcr die kleinsten nur das Beste! Babym\u00fctze aus Biobaumwolle nach eigener Vorlage von Hand mit einer Transferfolie bedruckt.<\/p>\n<p>Ein Fuchs muss tun, was ein Fuchs tun muss!<\/p>\n<p>Passt perfekt\u00a0zu unserem <a href=\"http:\/\/www.kreativzimmer.net\/kreativzimmer\/index.php\/produkt\/t-shirt-baby-fuchs\/\">T-Shirt<\/a>.<\/p>\n<p>Material: \u00a0100% \u00d6ko Baumwolle<\/p>\n<p>Gr\u00f6\u00dfe: \u00a0<span class=\"attribute-item\">0-1 Monate <\/span><span class=\"attribute-item\">2 Monate <\/span><span class=\"attribute-item\">3-4 Monate <\/span><span class=\"attribute-item\">5-7 Monate <\/span><span class=\"attribute-item\">8-10 Monate <\/span><span class=\"attribute-item\">11-15 Monate<\/span><\/p>\n<p>Maschinenw\u00e4sche bei 40\u00b0 (empfohlen bei 30\u00b0 )<\/p>\n<p><span class=\"attribute-item\">Individualisierbar: \u00a0Farbe <\/span><span class=\"attribute-item\">Gr\u00f6\u00dfe <\/span><span class=\"attribute-item\">Muster <\/span><span class=\"attribute-item\">Name<\/span><\/p>\n","protected":false},"featured_media":592,"comment_status":"closed","ping_status":"closed","template":"","meta":{"ngg_post_thumbnail":0,"jetpack_post_was_ever_published":false,"jetpack_publicize_message":"","jetpack_publicize_feature_enabled":true,"jetpack_social_post_already_shared":false,"jetpack_social_options":{"image_generator_settings":{"template":"highway","enabled":false},"version":2}},"product_cat":[11],"product_tag":[],"class_list":{"0":"post-591","1":"product","2":"type-product","3":"status-publish","4":"has-post-thumbnail","6":"product_cat-kopfbedeckung","7":"product_shipping_class-textil","9":"first","10":"instock","11":"shipping-taxable","12":"purchasable","13":"product-type-simple"},"jetpack_publicize_connections":[],"jetpack_sharing_enabled":true,"_links":{"self":[{"href":"http:\/\/www.kreativzimmer.net\/kreativzimmer\/index.php\/wp-json\/wp\/v2\/product\/591","targetHints":{"allow":["GET"]}}],"collection":[{"href":"http:\/\/www.kreativzimmer.net\/kreativzimmer\/index.php\/wp-json\/wp\/v2\/product"}],"about":[{"href":"http:\/\/www.kreativzimmer.net\/kreativzimmer\/index.php\/wp-json\/wp\/v2\/types\/product"}],"replies":[{"embeddable":true,"href":"http:\/\/www.kreativzimmer.net\/kreativzimmer\/index.php\/wp-json\/wp\/v2\/comments?post=591"}],"wp:featuredmedia":[{"embeddable":true,"href":"http:\/\/www.kreativzimmer.net\/kreativzimmer\/index.php\/wp-json\/wp\/v2\/media\/592"}],"wp:attachment":[{"href":"http:\/\/www.kreativzimmer.net\/kreativzimmer\/index.php\/wp-json\/wp\/v2\/media?parent=591"}],"wp:term":[{"taxonomy":"product_cat","embeddable":true,"href":"http:\/\/www.kreativzimmer.net\/kreativzimmer\/index.php\/wp-json\/wp\/v2\/product_cat?post=591"},{"taxonomy":"product_tag","embeddable":true,"href":"http:\/\/www.kreativzimmer.net\/kreativzimmer\/index.php\/wp-json\/wp\/v2\/product_tag?post=591"}],"curies":[{"name":"wp","href":"https:\/\/api.w.org\/{rel}","templated":true}]}}