{"id":593,"date":"2016-07-25T22:03:46","date_gmt":"2016-07-25T20:03:46","guid":{"rendered":"http:\/\/www.kreativzimmer.net\/kreativzimmer\/?post_type=product&#038;p=593"},"modified":"2016-08-07T22:28:59","modified_gmt":"2016-08-07T20:28:59","slug":"baby-laetzchen-ghana","status":"publish","type":"product","link":"http:\/\/www.kreativzimmer.net\/kreativzimmer\/index.php\/produkt\/baby-laetzchen-ghana\/","title":{"rendered":"Baby L\u00e4tzchen Ghana"},"content":{"rendered":"","protected":false},"excerpt":{"rendered":"<p>Die genialen L\u00e4tzchen sind auf der Vorderseite aus einem echten ghanaischen und einem wasserabweisenden Baumwollstoff gen\u00e4ht. Die R\u00fcckseite ist aus reiner Baumwolle, \u00a0die angenehm zu tragen ist und weder kratzt noch zwickt;) Mit zwei Kn\u00f6pfen (Kam Snap) wird der Latz zugemacht und kann in seiner Gr\u00f6\u00dfe verstellt werden.<\/p>\n<p>Der Clou an dem L\u00e4tzchen ist der wasserabweisenden Baumwollstoff, der nach dem Essen einfach abgewischt und somit auch \u00f6fter verwendet werden kann.<\/p>\n<p>Auch f\u00fcr unterwegs ist das L\u00e4tzchen super geeignet, \u00a0da es nicht schmutzig wieder in der Tasche verschwinden mu\u00df!<\/p>\n<p>Au\u00dferdem ein absoluter Hingucker, da derartige L\u00e4tzchen mit ghanaischen Stoffen sicher keiner hat;)<\/p>\n<p>Material: \u00a0100% Baumwolle, wasserabweisenden 100%ige Baumwolle, Snap Kn\u00f6pfe<\/p>\n<p>Maschinenw\u00e4sche: \u00a040\u00b0 (30\u00b0 empfohlen)<\/p>\n","protected":false},"featured_media":594,"comment_status":"closed","ping_status":"closed","template":"","meta":{"ngg_post_thumbnail":0,"jetpack_post_was_ever_published":false,"jetpack_publicize_message":"","jetpack_publicize_feature_enabled":true,"jetpack_social_post_already_shared":false,"jetpack_social_options":{"image_generator_settings":{"template":"highway","enabled":false},"version":2}},"product_cat":[22],"product_tag":[],"class_list":{"0":"post-593","1":"product","2":"type-product","3":"status-publish","4":"has-post-thumbnail","6":"product_cat-laetzchen","7":"product_shipping_class-textil","9":"first","10":"instock","11":"shipping-taxable","12":"purchasable","13":"product-type-simple"},"jetpack_publicize_connections":[],"jetpack_sharing_enabled":true,"_links":{"self":[{"href":"http:\/\/www.kreativzimmer.net\/kreativzimmer\/index.php\/wp-json\/wp\/v2\/product\/593","targetHints":{"allow":["GET"]}}],"collection":[{"href":"http:\/\/www.kreativzimmer.net\/kreativzimmer\/index.php\/wp-json\/wp\/v2\/product"}],"about":[{"href":"http:\/\/www.kreativzimmer.net\/kreativzimmer\/index.php\/wp-json\/wp\/v2\/types\/product"}],"replies":[{"embeddable":true,"href":"http:\/\/www.kreativzimmer.net\/kreativzimmer\/index.php\/wp-json\/wp\/v2\/comments?post=593"}],"wp:featuredmedia":[{"embeddable":true,"href":"http:\/\/www.kreativzimmer.net\/kreativzimmer\/index.php\/wp-json\/wp\/v2\/media\/594"}],"wp:attachment":[{"href":"http:\/\/www.kreativzimmer.net\/kreativzimmer\/index.php\/wp-json\/wp\/v2\/media?parent=593"}],"wp:term":[{"taxonomy":"product_cat","embeddable":true,"href":"http:\/\/www.kreativzimmer.net\/kreativzimmer\/index.php\/wp-json\/wp\/v2\/product_cat?post=593"},{"taxonomy":"product_tag","embeddable":true,"href":"http:\/\/www.kreativzimmer.net\/kreativzimmer\/index.php\/wp-json\/wp\/v2\/product_tag?post=593"}],"curies":[{"name":"wp","href":"https:\/\/api.w.org\/{rel}","templated":true}]}}