{"id":624,"date":"2016-07-26T21:52:00","date_gmt":"2016-07-26T19:52:00","guid":{"rendered":"http:\/\/www.kreativzimmer.net\/kreativzimmer\/?post_type=product&#038;p=624"},"modified":"2016-08-07T22:34:51","modified_gmt":"2016-08-07T20:34:51","slug":"baby-bio-dinkel-waermekissen","status":"publish","type":"product","link":"http:\/\/www.kreativzimmer.net\/kreativzimmer\/index.php\/produkt\/baby-bio-dinkel-waermekissen\/","title":{"rendered":"Baby Bio Dinkel-\/ W\u00e4rmekissen"},"content":{"rendered":"<p>Mit diesem\u00a0Baby Bio Dinkel-\/ W\u00e4rmekissen haben geplagte B\u00e4uchlein und kalte F\u00fc\u00dfe keine Chance!<\/p>\n<p>Sein Inlett l\u00e4sst sich erw\u00e4rmen und eignet sich somit hervorragend, um das Babybettchen oder den Kinderwagen vorzuw\u00e4rmen oder kleinen Beschwerden den Garaus zu machen.<\/p>\n<p>Die W\u00e4rmekissen sind zum W\u00e4rmen und K\u00fchlen geeignet. Zum W\u00e4rmen einfach das Inlett in die Mikrowelle, im Backofen oder auf die Heizung legen. Zum K\u00fchlen in das Gefrierfach.<br \/>\nDie Dinkelkissen sind viel anschmiegsamer als eine herk\u00f6mmliche W\u00e4rmflasche und sind f\u00fcr Kinder und Erwachsene gleicherma\u00dfen geeignet.<\/p>\n<p>Material: 100% Baumwolle, 100% Biobaumwolle, BiodinkelKorn<br \/>\nObermaterial ist aus Baumwollpl\u00fcsch kbA Qualit\u00e4t (kontrolliert biologischer Anbau).<\/p>\n<p>Gr\u00f6\u00dfe 20 x 13 cm<\/p>\n<p>Waschbar: Bezug bei 30\u00b0, Inlett Handw\u00e4sche<\/p>\n","protected":false},"excerpt":{"rendered":"<p>Mit diesem\u00a0Baby Bio Dinkel-\/ W\u00e4rmekissen haben geplagte B\u00e4uchlein und kalte F\u00fc\u00dfe keine Chance!<\/p>\n<p>Sein Inlett l\u00e4sst sich erw\u00e4rmen und eignet sich somit hervorragend, um das Babybettchen oder den Kinderwagen vorzuw\u00e4rmen oder kleinen Beschwerden den Garaus zu machen.<\/p>\n<p>Die W\u00e4rmekissen sind zum W\u00e4rmen und K\u00fchlen geeignet. Zum W\u00e4rmen einfach das Inlett in die Mikrowelle, im Backofen oder auf die Heizung legen. Zum K\u00fchlen in das Gefrierfach.<br \/>\nDie Dinkelkissen sind viel anschmiegsamer als eine herk\u00f6mmliche W\u00e4rmflasche und sind f\u00fcr Kinder und Erwachsene gleicherma\u00dfen geeignet.<\/p>\n<p>Material: 100% Baumwolle, 100% Biobaumwolle, Biodinkelkorn<br \/>\nGr\u00f6\u00dfe 20 x 13 cm<\/p>\n<p>Waschbar: Bezug bei 30\u00b0, Inlett Handw\u00e4sche<\/p>\n","protected":false},"featured_media":625,"comment_status":"closed","ping_status":"closed","template":"","meta":{"ngg_post_thumbnail":0,"jetpack_post_was_ever_published":false,"jetpack_publicize_message":"","jetpack_publicize_feature_enabled":true,"jetpack_social_post_already_shared":false,"jetpack_social_options":{"image_generator_settings":{"template":"highway","enabled":false},"version":2}},"product_cat":[29],"product_tag":[],"class_list":{"0":"post-624","1":"product","2":"type-product","3":"status-publish","4":"has-post-thumbnail","6":"product_cat-waermekissen","7":"product_shipping_class-textil","9":"first","10":"instock","11":"shipping-taxable","12":"purchasable","13":"product-type-simple"},"jetpack_publicize_connections":[],"jetpack_sharing_enabled":true,"_links":{"self":[{"href":"http:\/\/www.kreativzimmer.net\/kreativzimmer\/index.php\/wp-json\/wp\/v2\/product\/624","targetHints":{"allow":["GET"]}}],"collection":[{"href":"http:\/\/www.kreativzimmer.net\/kreativzimmer\/index.php\/wp-json\/wp\/v2\/product"}],"about":[{"href":"http:\/\/www.kreativzimmer.net\/kreativzimmer\/index.php\/wp-json\/wp\/v2\/types\/product"}],"replies":[{"embeddable":true,"href":"http:\/\/www.kreativzimmer.net\/kreativzimmer\/index.php\/wp-json\/wp\/v2\/comments?post=624"}],"wp:featuredmedia":[{"embeddable":true,"href":"http:\/\/www.kreativzimmer.net\/kreativzimmer\/index.php\/wp-json\/wp\/v2\/media\/625"}],"wp:attachment":[{"href":"http:\/\/www.kreativzimmer.net\/kreativzimmer\/index.php\/wp-json\/wp\/v2\/media?parent=624"}],"wp:term":[{"taxonomy":"product_cat","embeddable":true,"href":"http:\/\/www.kreativzimmer.net\/kreativzimmer\/index.php\/wp-json\/wp\/v2\/product_cat?post=624"},{"taxonomy":"product_tag","embeddable":true,"href":"http:\/\/www.kreativzimmer.net\/kreativzimmer\/index.php\/wp-json\/wp\/v2\/product_tag?post=624"}],"curies":[{"name":"wp","href":"https:\/\/api.w.org\/{rel}","templated":true}]}}