{"id":641,"date":"2016-07-29T14:18:49","date_gmt":"2016-07-29T12:18:49","guid":{"rendered":"http:\/\/www.kreativzimmer.net\/kreativzimmer\/?post_type=product&#038;p=641"},"modified":"2016-08-07T22:17:57","modified_gmt":"2016-08-07T20:17:57","slug":"sommerhut-blume","status":"publish","type":"product","link":"http:\/\/www.kreativzimmer.net\/kreativzimmer\/index.php\/produkt\/sommerhut-blume\/","title":{"rendered":"Sommerhut Blume"},"content":{"rendered":"","protected":false},"excerpt":{"rendered":"<p>Leichte und trendige Sommerm\u00fctze &#8211; perfekt f\u00fcr warme, sonnige Tage!<br \/>\nDie M\u00fctze ist einlagig aus reiner Baumwolle gen\u00e4ht und l\u00e4sst somit genug Luft durch.<\/p>\n<p>Die Ohren, der Nacken und auch das Gesicht sind vor Sonne und Wind gesch\u00fctzt.<\/p>\n<p>Sie wird mit einem elastischen Bindeband aus Jerseystoff am Hinterkopf gebunden und sitzt somit immer perfekt.<\/p>\n<p>Waschbar: \u00a0Maschinenw\u00e4sche bei 30\u00b0<\/p>\n<p>Nicht Trockner geeignet.<\/p>\n<p>Gr\u00f6\u00dfen:<\/p>\n<p>Gr.S 6-18 Monate | Kopfumfang 45-48cm<br \/>\nGr.M 18 Monate &#8211; 3 Jahre | Kopfumfang 48-51cm<br \/>\nGr.L 4-6 Jahre | Kopfumfang 51-54cm<\/p>\n<p>Gen\u00e4ht nach dem Schnitt &#8222;S\u00fcdblick&#8220; von heiter und wolke.<\/p>\n","protected":false},"featured_media":647,"comment_status":"closed","ping_status":"closed","template":"","meta":{"ngg_post_thumbnail":0,"jetpack_post_was_ever_published":false,"jetpack_publicize_message":"","jetpack_publicize_feature_enabled":true,"jetpack_social_post_already_shared":false,"jetpack_social_options":{"image_generator_settings":{"template":"highway","enabled":false},"version":2}},"product_cat":[31,19,11],"product_tag":[],"class_list":{"0":"post-641","1":"product","2":"type-product","3":"status-publish","4":"has-post-thumbnail","6":"product_cat-1lovedesign","7":"product_cat-accessoires","8":"product_cat-kopfbedeckung","9":"product_shipping_class-textil","11":"first","12":"instock","13":"shipping-taxable","14":"purchasable","15":"product-type-simple"},"jetpack_publicize_connections":[],"jetpack_sharing_enabled":true,"_links":{"self":[{"href":"http:\/\/www.kreativzimmer.net\/kreativzimmer\/index.php\/wp-json\/wp\/v2\/product\/641","targetHints":{"allow":["GET"]}}],"collection":[{"href":"http:\/\/www.kreativzimmer.net\/kreativzimmer\/index.php\/wp-json\/wp\/v2\/product"}],"about":[{"href":"http:\/\/www.kreativzimmer.net\/kreativzimmer\/index.php\/wp-json\/wp\/v2\/types\/product"}],"replies":[{"embeddable":true,"href":"http:\/\/www.kreativzimmer.net\/kreativzimmer\/index.php\/wp-json\/wp\/v2\/comments?post=641"}],"wp:featuredmedia":[{"embeddable":true,"href":"http:\/\/www.kreativzimmer.net\/kreativzimmer\/index.php\/wp-json\/wp\/v2\/media\/647"}],"wp:attachment":[{"href":"http:\/\/www.kreativzimmer.net\/kreativzimmer\/index.php\/wp-json\/wp\/v2\/media?parent=641"}],"wp:term":[{"taxonomy":"product_cat","embeddable":true,"href":"http:\/\/www.kreativzimmer.net\/kreativzimmer\/index.php\/wp-json\/wp\/v2\/product_cat?post=641"},{"taxonomy":"product_tag","embeddable":true,"href":"http:\/\/www.kreativzimmer.net\/kreativzimmer\/index.php\/wp-json\/wp\/v2\/product_tag?post=641"}],"curies":[{"name":"wp","href":"https:\/\/api.w.org\/{rel}","templated":true}]}}