{"id":643,"date":"2016-08-01T20:11:38","date_gmt":"2016-08-01T18:11:38","guid":{"rendered":"http:\/\/www.kreativzimmer.net\/kreativzimmer\/?post_type=product&#038;p=643"},"modified":"2016-08-07T22:16:59","modified_gmt":"2016-08-07T20:16:59","slug":"baby-beanie-dreieck","status":"publish","type":"product","link":"http:\/\/www.kreativzimmer.net\/kreativzimmer\/index.php\/produkt\/baby-beanie-dreieck\/","title":{"rendered":"Baby Beanie Dreieck"},"content":{"rendered":"<p>Diese Beanie ist durch ihren leichten Baumwoll Jerseystoff besonders gut f\u00fcr die Jahreszeiten Herbst und Fr\u00fchling geeignet.<\/p>\n<p>Gr\u00f6\u00dfen: \u00a044\/46, 46\/48, 48\/50<\/p>\n<p>Material: \u00a0100% Baumwolle<\/p>\n<p>Waschbar: \u00a0Maschinenw\u00e4sche bei 40\u00b0 (empfohlen 30\u00b0)<\/p>\n<p>Nicht Trockner geeignet.<\/p>\n<p>&nbsp;<\/p>\n","protected":false},"excerpt":{"rendered":"<p>Diese Beanie ist durch ihren leichten Baumwoll Jerseystoff besonders gut f\u00fcr die Jahreszeiten Herbst und Fr\u00fchling geeignet. Gr\u00f6\u00dfen: \u00a044\/46, 46\/48, 48\/50 Material: \u00a0100% Baumwolle Waschbar: \u00a0Maschinenw\u00e4sche bei 40\u00b0 (empfohlen 30\u00b0) Nicht Trockner geeignet. &nbsp;<\/p>\n","protected":false},"featured_media":0,"comment_status":"closed","ping_status":"closed","template":"","meta":{"ngg_post_thumbnail":0,"jetpack_post_was_ever_published":false,"jetpack_publicize_message":"","jetpack_publicize_feature_enabled":true,"jetpack_social_post_already_shared":false,"jetpack_social_options":{"image_generator_settings":{"template":"highway","enabled":false},"version":2}},"product_cat":[19,11],"product_tag":[],"class_list":{"0":"post-643","1":"product","2":"type-product","3":"status-publish","5":"product_cat-accessoires","6":"product_cat-kopfbedeckung","7":"product_shipping_class-textil","9":"first","10":"instock","11":"shipping-taxable","12":"purchasable","13":"product-type-simple"},"jetpack_publicize_connections":[],"jetpack_sharing_enabled":true,"_links":{"self":[{"href":"http:\/\/www.kreativzimmer.net\/kreativzimmer\/index.php\/wp-json\/wp\/v2\/product\/643","targetHints":{"allow":["GET"]}}],"collection":[{"href":"http:\/\/www.kreativzimmer.net\/kreativzimmer\/index.php\/wp-json\/wp\/v2\/product"}],"about":[{"href":"http:\/\/www.kreativzimmer.net\/kreativzimmer\/index.php\/wp-json\/wp\/v2\/types\/product"}],"replies":[{"embeddable":true,"href":"http:\/\/www.kreativzimmer.net\/kreativzimmer\/index.php\/wp-json\/wp\/v2\/comments?post=643"}],"wp:attachment":[{"href":"http:\/\/www.kreativzimmer.net\/kreativzimmer\/index.php\/wp-json\/wp\/v2\/media?parent=643"}],"wp:term":[{"taxonomy":"product_cat","embeddable":true,"href":"http:\/\/www.kreativzimmer.net\/kreativzimmer\/index.php\/wp-json\/wp\/v2\/product_cat?post=643"},{"taxonomy":"product_tag","embeddable":true,"href":"http:\/\/www.kreativzimmer.net\/kreativzimmer\/index.php\/wp-json\/wp\/v2\/product_tag?post=643"}],"curies":[{"name":"wp","href":"https:\/\/api.w.org\/{rel}","templated":true}]}}